 What is the tens digit of l(r)?
2
Let g(k) = -k**2 + 16*k - 3. What is the units digit of g(7)?
0
Suppose -3*p - v = -4*v - 21, -2*v = 3*p - 6. Suppose 4*c + 5*l + 27 = -18, 0 = 5*c + 2*l + 52. What is the units digit of 5*(p/c - -1)?
3
Let z(h) = 11*h**2 + 13*h + 3. What is the tens digit of z(-4)?
2
Let a(z) = -z**3 + 9*z**2 + 4*z - 2. Let s be a(10). Let k = s + 105. What is the tens digit of k?
4
Let m = 1 - 1. Let n be 4 + m - (4 - 5). Suppose 18 = 2*x - p, n*p - p = 5*x - 48. What is the units digit of x?
8
Suppose 0*j - 36 = 2*j. Let t = 46 + j. What is the units digit of t?
8
What is the units digit of ((-8)/(-20))/((-1)/(-60))?
4
Suppose 2*k - 69 = 3. What is the units digit of k?
6
Let k = 25 - 16. Let b = 0 + k. What is the units digit of b?
9
Let w(v) = 3*v**2 + 1. Let f be w(-1). Let m = -10 - -10. Suppose -f*h + 3*p + 24 = 0, m = -h + p + 8 - 2. What is the units digit of h?
6
Let h = -6 - -7. Let m = 22 - h. What is the tens digit of m?
2
Let k = -2 - -2. Suppose 2*l = -k*l - 4*b - 8, 2*l = 5*b + 10. Suppose 3*f - f - 14 = l. What is the units digit of f?
7
Suppose 2*r + 5*f = 35, -2*r - 2*f = -7*f + 15. Let c = r + 1. What is the units digit of c?
6
Suppose -3 = -m + 5. Let s be (2/(-8))/((-2)/m). What is the units digit of 2 + (-1)/1 + s?
2
Let f(u) = -3*u**2 + 6*u - 2. Let i be f(4). What is the units digit of 4/14 - i/7?
4
Let t(c) = -c**3 - 2*c**2 + 3*c + 4. Let q be t(-3). Suppose -q*y + 81 = l + 20, -3*l + 63 = 4*y. What is the units digit of y?
5
Suppose p + 57 = 4*p. Suppose -3*b + 5*b - 6 = -4*m, -m + p = -3*b. Suppose 5*a = m*a + 1. What is the units digit of a?
1
Let m = 1 + 1. Let s = -22 + 31. Let o = s - m. What is the units digit of o?
7
Suppose y + 8 - 9 = 0. What is the units digit of y?
1
Let f = 5 - -29. Suppose -6*n + 7*n = f. What is the units digit of n?
4
Suppose 0 = -4*f - 13 + 101. What is the tens digit of f?
2
Suppose -7*z + 2*z + 135 = 0. What is the units digit of z?
7
Let h = -19 - 5. Let y = -15 - h. What is the units digit of y?
9
Suppose 4*g = 2*x + 132, -9 = -3*g + 2*x + 88. Suppose -4*i = i - g. What is the units digit of i?
7
Let r(o) = o**3 + o**2 + 2*o + 1. What is the units digit of r(0)?
1
Let g(w) = w**3 - 10*w**2 + 13*w - 1. Suppose -4*b + 9*b - 2*c - 41 = 0, 8 = 4*c. What is the tens digit of g(b)?
3
Let z = 488 + -260. What is the units digit of z?
8
Let o(j) = -7*j + 12. What is the hundreds digit of o(-18)?
1
Suppose -3*t - 3*s + 15 = 0, 3*t + 7 = -4*s + 20. Suppose 4*r = 5*z + t, 6*z - 7 = r + 3*z. What is the units digit of r?
8
Suppose 4*k - 11 = 2*o + 1, 3*o = -k - 32. Let a = o + 32. What is the tens digit of a?
2
Suppose -2*t - 2*v = -5*v - 12, 0 = -t - 4*v + 17. What is the units digit of t*(-2 + 1 - -2)?
9
Suppose 0 = -l + 2*l. Suppose -w = b + 3*b - 128, -w = l. Let m = b + -21. What is the units digit of m?
1
Let x = 2 + 1. Suppose -6*c = -x*c. Suppose -2*r + 4 = -c*r. What is the units digit of r?
2
Let f be -2 - (-1 + (-6)/(-2)). What is the units digit of ((-6)/f)/(3/6)?
3
Let m be 2/(-6) - (-30)/9. Suppose m*c = 19 + 5. Suppose -27 = -3*l - 3*i, 3*i = -4*l + c*i + 72. What is the tens digit of l?
1
Suppose 2*v + 6 + 4 = 0, 4*m - 4*v - 32 = 0. Suppose -4*a + 8 = -m*a. Suppose 2*k + 2*p = a, 8*k = 3*k - 2*p + 11. What is the units digit of k?
1
Suppose 0 = v - 0*v - 4. Suppose 3*b = v*t - 191, 2*t + 4*b = -0*t + 90. What is the tens digit of t?
4
Suppose 3*g - 11*g + 1168 = 0. What is the hundreds digit of g?
1
Suppose 0 = 3*y + y - 12. What is the units digit of 41 + -3 + y + -5?
6
Suppose 10*s + 510 = 5*j + 5*s, -4*s = -3*j + 308. What is the hundreds digit of j?
1
Let r(q) = -6*q. What is the units digit of r(-2)?
2
Let p = -14 + 19. Suppose 3*w + 56 = 5*c + 5, 0 = -p*c + w + 57. What is the tens digit of c?
1
Let n(w) = w**2 - 7*w + 7. Let l be n(5). Let g(h) = -h**3 - 4*h**2 - 5*h - 3. What is the units digit of g(l)?
3
What is the tens digit of (-73 - 2)*(-12)/36?
2
Let k(x) = -x**2 + 6*x. Let u be k(8). Let d be (-4)/u + 41/(-4). What is the tens digit of 4/((-16)/d)*6?
1
Let y = 19 - 9. Let r be y/35 + (-38)/(-14). Suppose -l = -r*l + 18. What is the units digit of l?
9
Suppose 90 = -4*t + 9*t. What is the tens digit of t?
1
Let m = 64 - 46. Suppose 3*v + 33 = -3*q, 0 = -2*q - 0*q. Let l = v + m. What is the units digit of l?
7
Let c be 3/(((-2)/(-3))/2). Let w be -18*(0 + (-6)/c). Suppose 3*g + 15 = 0, w = -4*p - 5*g + g. What is the units digit of p?
2
Let v be 6/12 - 5/2. Let n = 1 - v. What is the units digit of n?
3
Suppose 0*t - 7 = -2*t + g, 5*t - 4*g - 22 = 0. Let z(k) = -8*k + 4. Let h be z(-3). Suppose 3*c - h = w - 3*w, -4*w = t*c - 24. What is the units digit of c?
8
Let o = 3 - 1. Let z(k) = -k**2 + 7*k + 3. Let b be z(7). What is the units digit of b - (o + 0) - -11?
2
Suppose 18 = -k - 0*k. Let v = k - -36. Let d = -9 + v. What is the units digit of d?
9
Let u(v) = -v + 5. Let z be u(3). Let h(b) = -b + b - 4*b - z. What is the units digit of h(-2)?
6
Suppose -55 = -5*u + 100. Let q = u + -18. What is the units digit of q?
3
Let k(d) = d**3 + 5*d**2 - 5*d - 6. What is the tens digit of k(-4)?
3
Suppose 2*a + 3*f = 537 + 148, -2*a - 2*f + 684 = 0. What is the units digit of a?
1
Suppose -l = 3*l + 2*z - 68, -96 = -5*l + 3*z. What is the units digit of l?
8
Suppose 4*q - 9 = -45. Let d = q - -4. Let j = 7 - d. What is the units digit of j?
2
Suppose 9 = h - 4*h. What is the units digit of 4*h/6 + 13?
1
Let p = 105 + -72. What is the units digit of 3 + p/(2 - -1)?
4
Suppose -4*i + 31 = 7. Let t be ((-9)/i)/((-2)/(-32)). Let b = -14 - t. What is the units digit of b?
0
Let r(a) = -4*a - 6. Let q be r(-6). Suppose 54 - q = 4*u. Let g = u - 6. What is the units digit of g?
3
Let p(f) = f**3 + 4*f**2 + 3. Let d be p(-4). Suppose -d*r + 4 = -2. What is the units digit of r?
2
What is the units digit of (0 - -3)/((-1)/(-1))?
3
Let m = -13 + 18. Suppose m*i + 2*q - 4 = -0, 5*q + 21 = 3*i. Suppose i - 17 = -3*t. What is the units digit of t?
5
Let u = -68 + 114. What is the units digit of u?
6
Let f be 0 + -3 + -1 + 16. Let g = -8 + f. What is the units digit of g?
4
Let g be (2/2)/(3/3). Suppose 0 = l - 3*l + 18. Suppose -c - g + l = 0. What is the units digit of c?
8
Suppose -4*w + 289 = -5*p, -5*w = -p + 3*p - 320. What is the units digit of w?
6
Suppose -p = -6*p + 170. Let q = p + -19. Let c = q - 8. What is the units digit of c?
7
Suppose 5*i - 16 = 3*f - 0, -3*i + 24 = 3*f. Suppose 0 = -2*q + f*q - 9. What is the units digit of q?
9
Let a(g) = 2*g**2 - 8*g. Let i be a(6). Suppose i = 4*j + 4*k, 0*k + 2*k = -5*j + 24. Suppose -2*u = -j*u + 16. What is the units digit of u?
8
Let h = -7 - -14. What is the units digit of h?
7
Suppose 2*o - 87 = 5*u, 2*u = -5 + 3. What is the tens digit of o?
4
Suppose -5*h + 15 = -5. Suppose -5*g - m - 17 + 91 = 0, -4*g = -h*m - 40. What is the units digit of g?
4
Let x(g) = -g**3 + 10*g**2 + 5*g - 9. What is the tens digit of x(10)?
4
Suppose -9*o + 5*o = 0. Let m = o - 1. What is the tens digit of (m/1)/((-6)/102)?
1
Let d(j) = -j - 1. Let a be d(6). Let k = 42 + a. Suppose 9 = 4*v - k. What is the units digit of v?
1
Let p be 3 + -3 + 1 - 1. Let c(u) be the second derivative of u**4/12 - u**3/6 + 3*u**2/2 + u. What is the units digit of c(p)?
3
What is the tens digit of (-110)/(-1) + (7 - 3 - 3)?
1
Suppose 0*x - 32 = -4*x. What is the tens digit of (46/x)/((-8)/(-32))?
2
Let p = -7 - -6. Let l = -8 - p. Let x = l + 12. What is the units digit of x?
5
Let h(f) = 6*f + 7. What is the units digit of h(4)?
1
Suppose 4*b = -4 + 108. Suppose -4*u - b = r - 11, 2*u + 4 = -4*r. What is the units digit of r?
1
Let p be 4/(-6) - 6/(-9). Suppose p*d - 2*d = 8, 2*g - 5*d - 18 = 0. What is the units digit of 3/((-9)/(-24)) - g?
9
Let g = -13 - -16. What is the tens digit of 3 + (g - -63)/3?
2
Let x be (-44)/(-6) - 3/9. Let i(v) = -v + 8. Let u be i(x). What is the units digit of 8 - (u + 2/2)?
6
What is the units digit of (-2)/(-12) - (905/(-6) + 3)?
8
Let k(q) = -q**3 - 6*q**2 - 5*q + 2. Let w be k(-5). Suppose 5*y + 4 = -2*b, -w*b - 2*b + 5*y + 22 = 0. What is the units digit of (-1 - 0)*(b + -6)?
3
Let b = -60 - -102. What is the units digit of b?
2
Let g be ((-702)/8)/(4/(-16)). Let y be g/21 + (-4)/(-14). Suppose a + 0*a